 greatest common factor of u and 84.
12
Let r = 8665 - 7385. Calculate the greatest common factor of r and 40.
40
Let o(h) = -2*h + 112. Let d be o(-16). Let k be ((-24)/20)/(3/(-80)). What is the highest common divisor of d and k?
16
Suppose -y - 1 = -5*z, 0*z + 20 = -5*z. Let u be ((-8)/(-6))/(y/(-504)). Calculate the greatest common divisor of u and 256.
32
Suppose 3*r - 958 = 5*g - 366, -10 = 2*g. What is the highest common divisor of r and 1431?
27
Let m = 128 - 125. Suppose b - 115 = -5*z, z - 42 = -m*b - b. Calculate the highest common divisor of z and 1.
1
Let q(i) = -i**3 - 15*i**2 - 30*i - 23. Let t be q(-13). What is the highest common divisor of 1711 and t?
29
Suppose -3*o + 5*s - 515 = 0, 5*o + 3*s + 809 = -s. Let n be o/10*(-34)/3. Suppose 1684*h + 425 = 1709*h. Calculate the greatest common factor of h and n.
17
Let i(h) = 12*h + h**2 + h**2 - 10*h - 35. Let z be i(-11). Suppose -z = 12*w - 17*w. Calculate the greatest common divisor of 296 and w.
37
Suppose -463*p + 254*p = -229*p + 80. Suppose 2*v + 3*v = -20, 0 = -5*h - 4*v + 84. Calculate the highest common divisor of h and p.
4
Let m be (189/(-35))/9 + 3665/25. Calculate the highest common divisor of m and 73.
73
Suppose -5*h = -2*h - 96. Let j be 10/4*h/16. Let b = -352 + 367. What is the greatest common divisor of j and b?
5
Suppose 0 = v + 4*v - 3*o + 26, -5*v = 2*o + 41. Let q be -2 + -5 + 4 - v. Calculate the highest common divisor of q and 16.
4
Let j = -11072 - -12332. Calculate the highest common divisor of 288 and j.
36
Suppose -2*d - 4080 = -12*d. Calculate the greatest common divisor of 255 and d.
51
Suppose -t + 26*t - 101475 = 0. Suppose t = 30*m - 21*m. Calculate the highest common factor of 11 and m.
11
Let g = -67 - -91. Suppose -2*d + 5*d - 37 = -l, 2*d = -l + g. What is the greatest common divisor of d and 273?
13
Let t = 50 - 43. Suppose -2*b = 5*y - 6 - t, 5*b + 5*y = 25. Suppose b*i - 591 = -3*p, 9*p - 4*p = 2*i - 263. Calculate the greatest common factor of i and 18.
18
Let h be 12 - (-1)/2*0. Suppose 4*z - 3*q - h = -1, 5*z + 4*q = 6. Let y be (-340)/(-86) + 57114/(-1634) + 35. What is the greatest common divisor of z and y?
2
Let b(s) = -s**3 - 10*s**2 - s. Let w be b(-11). What is the greatest common factor of 1760 and w?
44
Suppose 0*s - 248 = -8*s. Let u(b) = 5*b - 47. Let w be u(s). Suppose 4*o = -3*z + 33, 3*o + 18 = 5*z + 79. What is the highest common factor of w and o?
12
Let q be 21/(-56) + (-73458)/(-48). What is the greatest common factor of q and 1632?
102
Let a be 1 - (-1)/(-2) - (-3400)/16. Suppose -15*v = -678 + a. Suppose -3*q + v = 10. Calculate the greatest common divisor of 7 and q.
7
Let s = 1962 + -1332. Suppose -4*q = i - 3*i + s, 0 = -4*q + 20. Calculate the highest common factor of 13 and i.
13
Suppose 2*h + 4 = 0, -m + h + 12 = 3*h. Suppose 0 = -495*d + 501*d - 672. What is the highest common divisor of d and m?
16
Let t(l) = -l**2 - 40*l + 35. Let p be t(-37). Suppose 14*u - p - 470 = 0. Calculate the highest common divisor of u and 44.
44
Suppose 2*m = -3*u + 122 + 313, -5*u + 653 = 3*m. Let z = -10 - -17. Let d be (18/z)/(-2*6/(-112)). Calculate the highest common factor of m and d.
24
Let f(c) = c + 6. Let u be f(-3). Suppose -4 = -l, -3*q - 5 = -2*l - u. Let b = 11 + q. What is the greatest common divisor of 104 and b?
13
Let i = 4224 - 3315. Calculate the highest common factor of i and 27.
9
Let y = 145 - 181. Let f be 64/(-2 + y/(-15)). What is the greatest common divisor of f and 32?
32
Let z(q) = -591*q - 7593. Let i be z(-13). What is the greatest common divisor of i and 9576?
18
Let q(g) = -g**2 - 30*g + 6. Suppose 115 - 205 = 3*u. Let d be q(u). Calculate the highest common divisor of 33 and d.
3
Let f be (-16)/(-24) - 10*(-3)/9. Suppose f = -7*a - 10. Let g be (-15)/9*(a + -2)*9. Calculate the greatest common factor of g and 20.
20
Let g be (-1 - (-81)/36)/(1/4). Suppose -g*k + 430 + 450 = 0. What is the greatest common divisor of k and 264?
88
Suppose -12*g + 302 = -10*g + 5*j, 0 = -2*g + 3*j + 286. Calculate the highest common divisor of 6862 and g.
146
Suppose x = -312*p + 311*p + 421, -1636 = -4*p + 2*x. What is the highest common divisor of 84 and p?
7
Suppose 3*s = -4*z + 47, 2*s + 76 = -2*z + 7*z. Let v be 4 - -60*z/21. What is the highest common divisor of v and 66?
22
Suppose 26254 = 16*w - 25*h + 30*h, 2*w + 4*h - 3302 = 0. What is the highest common factor of 33 and w?
11
Let v(o) = 1922*o + 7566. Let g be v(-3). Calculate the greatest common divisor of g and 1170.
90
Let m = -2305 + 2373. Calculate the highest common factor of 2006 and m.
34
Suppose 0 = -5*w - 7*d + 3*d + 2097, 0 = -5*d + 15. Suppose -2*v + w - 4 = -5*c, -1023 = -5*v + 3*c. Calculate the highest common divisor of 51 and v.
51
Let i be 35742/112 - (-1)/(0 - 8). Calculate the highest common divisor of i and 22.
11
Suppose 30*r - 42*r = -26*r + 6622. Calculate the greatest common factor of 286 and r.
11
Let p(b) = b**3 - 7*b**2 + 14*b - 44. Let a be p(6). Let y be (-8)/(-12)*54/a. What is the greatest common factor of y and 45?
9
Let d be (1 - -2 - 4)*(-1169)/(-7). Let b = 251 + d. Calculate the highest common divisor of b and 21.
21
Suppose -7*i + 24*i = 142545. Let y be (-20)/(-8) + i/20*2. What is the greatest common factor of 29 and y?
29
Suppose -3*n + 299 = -4*b + 83, 3*b + 5*n = -162. Let u be 2/(-4) + (-351)/b. What is the highest common factor of u and 39?
3
Let u = -113 + 272. Let p = 267 - u. What is the highest common divisor of p and 270?
54
Let g(i) = 2*i**3 - 138*i**2 + 78*i + 369. Let y be g(69). What is the highest common factor of y and 426?
213
Suppose -34*t = -16*t - 396. Suppose 5*o + 40 = 3*x, 3*x + 4*o = 8*o + 35. Let n(v) = 30*v + 4. Let a be n(x). What is the greatest common divisor of a and t?
22
Suppose -5*h + 40 = -4*z, 5*h - 5*z - 14 = 26. Suppose -h*i + 52 = 5*i. Let c be i + 15/(1 - -2). What is the greatest common divisor of 63 and c?
9
Let f = -618 - -648. Suppose -4*k - 5*q = -79, k - 2*q = -k + 26. Let i be (-1 + k)/((-3)/(-15)). What is the greatest common divisor of i and f?
15
Let j be (-18)/12 - (-3)/(-2). Let b(r) = -7*r + 18. Let a be b(j). What is the greatest common divisor of a and 6?
3
Let f(y) = -519*y - 185. Let s be f(-1). Calculate the greatest common factor of 3507 and s.
167
Suppose s - 4*f + 3 = -2*f, s - 1 = f. Let x be (-32)/(-10)*s*4. Suppose 28*q = 33*q - 80. Calculate the highest common divisor of q and x.
16
Suppose 133*n + 11700 = -26*n + 56220. Calculate the highest common factor of n and 4424.
56
Let w = 392 - 248. Let g be (80/2)/((-8)/(-16)). Calculate the highest common factor of w and g.
16
Let d(c) = 5*c + 1. Suppose -5*q - 16 = 4*v, -3*v = -q + 17 - 24. Let l be d(v). What is the greatest common factor of 168 and l?
6
Let u be -3 - -2*(-4)/24*-1509. Suppose u = -5*p + 1585. What is the greatest common divisor of p and 7?
7
Let z = 1095 - -543. Suppose 13*q + z = 20*q. Calculate the greatest common factor of 26 and q.
26
Suppose -139 = -5*y - 169. Let g be y + -1 + 6 + 55. Calculate the greatest common factor of 162 and g.
54
Let k = 1646 - 1374. Let c be (77/(-44))/(1/8). Let a = 30 + c. What is the greatest common factor of k and a?
16
Let d = 62 + -25. Suppose -179*u + 175*u + 3208 = 0. Suppose -18*t + 21*t - 5*r = u, t - 254 = -r. What is the highest common divisor of t and d?
37
Let z = 27632 - 27596. Suppose 0 = -0*q + 4*q - 2492. Suppose n + 653 = -m + 3*m, -2*m = 5*n - q. What is the greatest common divisor of z and m?
36
Suppose 3*i = -4*i + 7. Suppose -p + 10 + i = 3*a, 4*p = -3*a + 17. What is the highest common factor of 12 and a?
3
Let x = -59 + 68. Let m be (-23 + -1)*(270/(-24))/x. What is the highest common divisor of 42 and m?
6
Let k be (-2)/(-11) - (-2)/22*1483. Suppose -k*w + 134*w = -25. Calculate the greatest common divisor of w and 425.
25
Let c = 44 + 432. What is the greatest common factor of 616 and c?
28
Let a be (-4)/(-14) + 290*(-6)/(-84). Let f be 6/a - ((-200)/(-14) + -1). Let p be 378*(2/f - (-34)/52). What is the greatest common divisor of p and 21?
21
Let g(k) = -19*k - 507. Let q be g(-27). Calculate the highest common factor of q and 1506.
6
Let x(d) = 5506*d - 82533. Let o be x(15). Let j = 1071 + -273. Calculate the highest common